 divided by 63.
24
Calculate the remainder when 9148 is divided by 531.
121
What is the remainder when 2619076 is divided by 1309528?
20
Calculate the remainder when 46401 is divided by 15451.
48
Calculate the remainder when 297958 is divided by 580.
418
Calculate the remainder when 1554108 is divided by 413.
402
What is the remainder when 105385 is divided by 21070?
35
What is the remainder when 86314 is divided by 42968?
378
Calculate the remainder when 241448946 is divided by 338.
336
What is the remainder when 7077893 is divided by 8749?
8701
What is the remainder when 361517122 is divided by 166?
164
What is the remainder when 15124871 is divided by 19?
16
Calculate the remainder when 2133244 is divided by 23.
17
What is the remainder when 18695776 is divided by 2113?
2065
Calculate the remainder when 29252088 is divided by 7594.
0
Calculate the remainder when 45402102 is divided by 1557.
1539
Calculate the remainder when 5154109 is divided by 14726.
9
What is the remainder when 19411395 is divided by 1220?
1195
What is the remainder when 1006280 is divided by 25802?
2
Calculate the remainder when 18376 is divided by 18128.
248
Calculate the remainder when 117134 is divided by 689.
4
What is the remainder when 24597 is divided by 25?
22
What is the remainder when 68296 is divided by 326?
162
Calculate the remainder when 5345196 is divided by 77.
10
Calculate the remainder when 2061485 is divided by 111.
104
What is the remainder when 1908 is divided by 126?
18
Calculate the remainder when 1229094 is divided by 93.
6
What is the remainder when 2295 is divided by 534?
159
Calculate the remainder when 44837903 is divided by 35.
33
What is the remainder when 873935 is divided by 68?
67
What is the remainder when 4109413 is divided by 46?
3
What is the remainder when 10536900 is divided by 78051?
15
What is the remainder when 44151 is divided by 684?
375
What is the remainder when 7999375 is divided by 359?
137
Calculate the remainder when 6459162 is divided by 8788.
8770
Calculate the remainder when 19660 is divided by 1191.
604
Calculate the remainder when 278203 is divided by 151.
61
Calculate the remainder when 2492 is divided by 227.
222
Calculate the remainder when 1288074777 is divided by 6428.
6425
What is the remainder when 3965194 is divided by 1840?
1834
Calculate the remainder when 10381967 is divided by 4241.
4240
Calculate the remainder when 34619 is divided by 2646.
221
What is the remainder when 1734239 is divided by 288886?
923
What is the remainder when 55057027 is divided by 86?
85
What is the remainder when 165245662 is divided by 13?
10
Calculate the remainder when 538050 is divided by 210.
30
What is the remainder when 2222605 is divided by 370428?
37
Calculate the remainder when 351098 is divided by 351055.
43
What is the remainder when 1843381 is divided by 49821?
4
What is the remainder when 8711894 is divided by 32029?
6
Calculate the remainder when 1201941 is divided by 131.
16
What is the remainder when 177649 is divided by 22161?
361
Calculate the remainder when 3325624 is divided by 3325596.
28
What is the remainder when 66869724 is divided by 66869718?
6
What is the remainder when 1309606 is divided by 126?
88
What is the remainder when 397257 is divided by 56725?
182
Calculate the remainder when 12223049 is divided by 93.
59
What is the remainder when 206141 is divided by 1203?
428
Calculate the remainder when 173798 is divided by 601.
109
Calculate the remainder when 1335759 is divided by 17.
1
What is the remainder when 5047713 is divided by 503?
108
Calculate the remainder when 10008693 is divided by 24.
21
What is the remainder when 4638526 is divided by 1013?
1012
What is the remainder when 215693 is divided by 102?
65
Calculate the remainder when 4228558 is divided by 2114252.
54
What is the remainder when 22399832 is divided by 23?
17
What is the remainder when 1748184 is divided by 3842?
74
What is the remainder when 3529100 is divided by 1344?
1100
What is the remainder when 235292 is divided by 16638?
2360
Calculate the remainder when 1627644 is divided by 527.
268
Calculate the remainder when 18780121 is divided by 734.
731
Calculate the remainder when 16139090 is divided by 15.
5
What is the remainder when 10495863 is divided by 864?
855
Calculate the remainder when 72484 is divided by 3272.
500
Calculate the remainder when 24819439 is divided by 31417.
9
Calculate the remainder when 1911316 is divided by 21.
1
Calculate the remainder when 1591296 is divided by 688.
640
What is the remainder when 31980369 is divided by 285539?
1
Calculate the remainder when 9183331 is divided by 48080.
51
What is the remainder when 168724 is divided by 7030?
4
Calculate the remainder when 145576675 is divided by 89.
87
What is the remainder when 494854 is divided by 72?
70
What is the remainder when 513832 is divided by 1690?
72
Calculate the remainder when 1433836 is divided by 3705.
1
What is the remainder when 2945981 is divided by 810?
11
What is the remainder when 72604321 is divided by 912?
1
What is the remainder when 798417 is divided by 33?
15
What is the remainder when 79727236 is divided by 862?
856
What is the remainder when 51286750 is divided by 7?
4
What is the remainder when 67714745 is divided by 1530?
5
What is the remainder when 2207489 is divided by 7483?
4
Calculate the remainder when 2946333 is divided by 267838.
115
What is the remainder when 4348543 is divided by 181?
18
What is the remainder when 110412354 is divided by 44218?
8
What is the remainder when 282615 is divided by 1?
0
What is the remainder when 368028 is divided by 17?
12
Calculate the remainder when 84038 is divided by 348.
170
Calculate the remainder when 183255 is divided by 183253.
2
Calculate the remainder when 762706 is divided by 280.
266
What is the remainder when 4338143 is divided by 723015?
53
Calculate the remainder when 10843646 is divided by 188.
182
Calculate the remainder when 544304 is divided by 90668.
296
What is the remainder when 36288 is divided by 2562?
420
What is the remainder when 1180672690 is divided by 19?
17
Calculate the remainder when 2086666 is divided by 4868.
3162
What is the remainder when 1881112 is divided by 1883?
1878
What is the remainder when 6344155 is divided by 377?
376
Calculate the remainder when 5705199 is divided by 17.
16
Calculate the remainder when 77685371 is divided by 304.
299
What is the remainder when 22846 is divided by 21?
19
Calculate the remainder when 5397830 is divided by 2698907.
16
Calculate the remainder when 95372 is divided by 19067.
37
What is the remainder when 4533264 is divided by 302217?
9
What is the remainder when 19077 is divided by 3758?
287
What is the remainder when 1753343 is divided by 5395?
5363
What is the remainder when 77438 is divided by 5842?
1492
Calculate the remainder when 48813 is divided by 24361.
91
Calculate the remainder when 687059 is divided by 9537.
395
Calculate the remainder when 279733 is divided by 277474.
2259
What is the remainder when 16651893 is divided by 1087?
140
What is the remainder when 2817662 is divided by 183?
11
What is the remainder when 5913498 is divided by 9342?
12
What is the remainder when 599292 is divided by 199749?
45
Calculate the remainder when 21071374 is divided by 62.
54
What is the remainder when 1400664 is divided by 5678?
3876
Calculate the remainder when 22535862 is divided by 859.
856
What is the remainder when 565509 is divided by 695?
474
Calculate the remainder when 1298863 is divided by 12859.
104
What is the remainder when 349538 is divided by 49139?
5565
What is the remainder when 66169 is divided by 6608?
89
Calculate the remainder when 2381415 is divided by 50.
15
Calculate the remainder when 1963 is divided by 1054.
909
Calculate the remainder when 482890 is divided by 32173.
295
Calculate the remainder when 5606137 is divided by 304.
73
What is the remainder when 117464 is divided by 1191?
746
What is the remainder when 1159788 is divided by 3536?
3516
Calculate the remainder when 1750645 is divided by 825.
820
What is the remainder when 802767 is divided by 2032?
127
What is the remainder when 64061508 is divided by 1822?
1810
What is the remainder when 3959240 is divided by 79?
76